e k(6).
4
Let v(z) = -z**2 - 15*z - 15. Let p be v(-12). Suppose -40 = p*n + 2. Let i(t) = 7*t - 1. Give i(n).
-15
Suppose 2*n + 12 - 44 = 0. Suppose n*f - 272 = -16. Suppose 16*h + f = 12*h. Let w(d) = -d**2 - 2*d + 4. Give w(h).
-4
Let b(y) = y**2 + 10*y + 9. Let s(x) = -40*x - 362. Let c(q) = -77*q - 721. Let p(l) = -6*c(l) + 11*s(l). Let d be p(-16). What is b(d)?
-7
Let v(j) be the third derivative of j**5/60 - j**4/3 + 5*j**3/6 + 788*j**2. Suppose 3*p = n + n + 11, 0 = -3*p + n + 16. Determine v(p).
-2
Let h(d) = 10*d**2 - 438*d - 46. Let z be h(44). Let u(q) = -q**3 + 43*q**2 - 43*q + 47. Give u(z).
5
Suppose 4*o + 5 = 3*o. Suppose 0 = 4*v + a - 9, -3*v + 14 = 2*v + 4*a. Let u(n) = n**2 - 2 - 2 - v*n**2 - 7*n. What is u(o)?
6
Let o(c) = 8*c**2 + 157*c + 30. Let z(g) = 3*g**2 + 57*g + 10. Let h(m) = -4*o(m) + 11*z(m). Calculate h(-3).
2
Let y = 78 + -76. Let j(p) = 4*p - 4*p - p + 0*p**2 - 2*p**y. Give j(-1).
-1
Let s(u) = 71*u + 575. Let q(m) = -m**2 + 611*m - 1226. Let p be q(2). Determine s(p).
7
Let w(d) be the second derivative of -d**4/12 + 11*d**3/6 - 3*d**2/2 - 5*d + 12. What is w(3)?
21
Let n(p) = 8*p - 146. Let j be (-57*(-6)/(-36))/((-1)/2). Let t be n(j). Let d(f) = f**2 - 6*f - 3. Calculate d(t).
-3
Let a(k) = -11 + 38*k + 31*k + 38*k - 98*k. Determine a(2).
7
Let b(q) = -6*q**2 - 25*q - 11. Let a(z) = -4*z - 3428 + 3426 - z - z**2. Let r(k) = 11*a(k) - 2*b(k). Give r(4).
-4
Let m be (-11102)/(-156) + (-2)/12. Let r(k) = 8*k - m + 143 - 71. Give r(2).
17
Let c(l) = -l**3 - 3*l**2 + 2*l + 1. Let v be c(-3). Let s(i) = 39 - 69 + 34 + 2*i. Calculate s(v).
-6
Let u(y) = -7*y**2 - 1 - 3*y**2 - 4*y**2 + 3*y**2 + 0. Give u(-1).
-12
Let u(y) = 24*y**3 - 235 - 2*y + 194 + 5*y**2 - 23*y**3. Give u(-5).
-31
Let z(y) = -5336*y - 5370*y + 3*y**2 + 10688*y + 2. Suppose -4*m = -5*o - m + 24, -8 = -o - m. Calculate z(o).
2
Let o(y) be the second derivative of -4*y + y**3 + 0 + 1/2*y**2 + 1/12*y**4. Suppose 0 = 29*i + 116 - 0. Determine o(i).
-7
Let a = -1719 - -1727. Let r(z) = 0*z - z + 4 + 1 - 8. What is r(a)?
-11
Let v(c) be the second derivative of -c**3/2 + 30*c**2 - 1358*c + 1. Calculate v(20).
0
Let t = 89 + -81. Suppose -v + 15 = t. Let o(a) = 3*a - 4 + 3*a - v*a. Determine o(0).
-4
Let w(s) be the second derivative of -s**4/6 + 2*s**3/3 + 5*s**2/2 + 2*s. Suppose 2*l = -4*b + 8, -11 = b - 12. Let j be (-35)/10 - (-3)/l - -7. Determine w(j).
-25
Let s(d) = 7*d + 1. Let n = 967 - 973. Let q(a) be the first derivative of -10*a**2 - 3*a + 2. Let l(r) = n*q(r) - 17*s(r). Calculate l(-5).
-4
Let p(i) = 22*i - 30. Let y(n) = -11*n + 21. Let u(o) = -3*p(o) - 5*y(o). Give u(-9).
84
Let r(a) = -a**3 - 7*a**2 + 2*a + 1. Let g be (-74)/10 - (-14)/(-175)*-5. Calculate r(g).
-13
Let m(x) be the third derivative of -5*x**4/24 + x**3/2 + 22*x**2 - 2*x. Calculate m(-9).
48
Let b(k) = 55*k + 165. Let i(s) = -4*s - 21. Let a(w) = -5*b(w) - 50*i(w). Calculate a(3).
0
Let i = 210 - 119. Let r = i - 87. Let b be 3/r - 2/(-8). Let g(w) = -w**3 - w + 1. Calculate g(b).
-1
Suppose 5*b - 2*p + 2 = -8, 3*b + 6 = 4*p. Suppose 4*d = -3*n + 12, 8*n - 6*n + 5*d = 15. Let y(i) = n - 1 + 180*i - 95*i - 86*i. Give y(b).
1
Let c(l) = -l**3 - 3*l**2 - l + 3. Let b(w) be the third derivative of -w**6/120 - w**5/15 - w**4/4 - 7*w**3/6 - 73*w**2. Let t be b(-2). Determine c(t).
6
Suppose -5*p = -4*p - 5*r - 17, 4*p = -5*r - 7. Let a(n) = -80*n - 4 + 41*n + 37*n + n**p. Calculate a(4).
4
Suppose -o - 30 = 3*p + 2*o, 4*o = 5*p + 77. Let z = p + 21. Let s(l) = l**2 - 7*l - 1. Calculate s(z).
7
Let z(p) = 71*p**2 + 5*p - 27. Let b(f) = 10*f**2 + 2*f - 3. Let o(l) = -6*b(l) + z(l). What is o(-2)?
49
Let n(l) = 121*l - 46*l - 80 - 36*l - 43*l. Give n(-19).
-4
Let p = 22 - 17. Let j(o) = -10 + p + 0 - 6*o + 6. Let n(x) = -x**3 - 4*x**2 + 5*x + 1. Let a be n(-5). What is j(a)?
-5
Let n(t) = t**3 - 8*t**2 - 12*t - 5. Suppose 22*w - 521 = -323. Determine n(w).
-32
Let l(k) = -8*k**2 - 7*k - 15. Let s(f) = -9*f**2 - 7*f - 16. Let o(y) = -7*l(y) + 6*s(y). Calculate o(-7).
58
Let f(x) = 17*x**2 - 64 - 16*x**2 + 12*x + 86. Let g be (10/4)/(-5)*-1*-18. Determine f(g).
-5
Let w(o) = -o**2 + 21*o + 20. Let a(s) = -3*s**2 + 61*s + 53. Let z(g) = 4*a(g) - 11*w(g). Determine z(2).
14
Let r(l) = -l**2 + 6*l + 8. Let h(b) = -b**3 - 11*b**2 - 12*b - 13. Suppose 52*f = 54*f - 8. Suppose f*i + 28 = -12. Let y be h(i). What is r(y)?
1
Let m = -18 - -14. Let k(x) = -6*x**2 + 19*x - 154. Let u(i) = -i**2 + 2*i - 22. Let h(t) = -k(t) + 7*u(t). Determine h(m).
4
Let w(i) = i**3 - 22*i - 4. Suppose 0 = 8*n + 24*n - 27*n - 25. Determine w(n).
11
Let o(m) = -m + 14. Let h(x) = 14. Let y(g) = -3*h(g) + 2*o(g). Suppose 17*v + 10*v + 22275 = 0. Let l = v - -815. What is y(l)?
6
Let w(h) = -3*h**3 + 7*h**2 + 17*h + 12. Let d(k) = k**3 - 4*k**2 - 8*k - 6. Let l = 38 + 6. Let n = 42 - l. Let f(t) = n*w(t) - 5*d(t). Determine f(-5).
1
Let f(x) be the third derivative of -x**6/120 - x**5/6 + 11*x**4/24 - x**3/3 + 715*x**2 + 2*x. Give f(-11).
-2
Suppose 0 = -46*s + 77*s + 155. Let m(t) = t**2 + 17*t + 37. Calculate m(s).
-23
Let t be 1962 + -4*(-18)/8. Let c(s) = -3*s + 3 - 2 + 3*s + 1972*s**2 - t*s**2. Calculate c(-3).
10
Let m(a) = 4*a**2 - 2*a - 1. Let f(p) be the third derivative of -28*p**2 + 0*p - 5*p**3 + 0 + 7/24*p**4. Let v be f(4). Calculate m(v).
19
Suppose -3*q = 2*q - 10. Let n(j) = j**3 - j**2 - 3769 - 2*j**2 - 3*j + 3769 + 4*j. Determine n(q).
-2
Let f(v) = -3*v + 8. Let b(t) = 22*t + 6. Let d be b(1). Let z(p) = p**2 - 24*p - 102. Let k be z(d). Determine f(k).
-22
Suppose 0 = -6*n - 151 + 697. Let f(j) = -3*j**2 - 2*j + 180 - 92 - n. What is f(-3)?
-24
Let b(i) = i**3 + 5*i**2 - 22*i - 104. Let o(m) = m**2 - 8*m - 26. Let g be o(10). Give b(g).
-8
Let k(w) = 2*w**2 - 8*w + 3. Let n(u) = u**2 - 3*u - 1. Let y(o) = -k(o) + n(o). Suppose 0 = 4*c - 5*g - 34, -2*c + 8 = 4*g - 2*g. Calculate y(c).
-10
Let k(s) = s + 39. Suppose 3517 = -38*l + 2833. What is k(l)?
21
Let x(v) be the third derivative of -1/30*v**5 - 39*v + 0*v**3 + 0 + 2*v**2 - 5/12*v**4. Calculate x(-6).
-12
Let c(l) = -l - 5. Let o(d) = 29. Let t(k) = 10. Suppose -2*r = 7*r + 54. Let u(g) = r*o(g) + 17*t(g). Let b(n) = -3*c(n) + 4*u(n). Give b(4).
11
Let s(z) = z**3 + 5*z**2 + 1. Let r = -86 + 81. Let d be 3 - (-4 - r)*-5. Suppose n = -n - d. Give s(n).
17
Let a(x) be the third derivative of -x**5/60 - 5*x**4/8 - 31*x**3/6 - 2*x**2 + 13*x - 37. What is a(-2)?
-5
Suppose 0 = -4*k + k + 21. Let c(q) be the first derivative of -q**4/4 + 7*q**3/3 - 6*q + 10107. Give c(k).
-6
Let j = 32 - 29. Suppose -2*a - 8 = 0, 5 = -w - 3*a - j. Suppose -2 = w*m + 14. Let s(z) = z**2 + 9*z + 6. Calculate s(m).
-14
Let g(f) = -4*f**2 - 23*f - 7. Let r(p) = -p**2 - 7*p - 3. Let c(m) = -2*g(m) + 7*r(m). Let n = 828 + -823. Calculate c(n).
3
Suppose -83*t + 36 = -87*t - 2*j, -12 = 3*t - j. Let m be (-4)/(-3) + 2/3. Let p(o) = -o**2 + 2*o**2 - m*o**2 - 7 - 8*o. Determine p(t).
5
Let o(s) = -4*s + 2. Suppose -c + 207 + 19 = 0. Suppose 2*b - 4*z = b + 32, 5*b = -2*z + c. Let h be 2 + (-58)/8 - (-11)/b. What is o(h)?
22
Suppose 0 = -4*p + p + 27. Let f = p + -2. Let a(b) = -47. Let o(g) = -g - 42. Let l(d) = -a(d) + o(d). Determine l(f).
-2
Let i(a) = -a**2 + 12*a + 3*a - 4*a + 0 - 22. Let c be i(3). Let v(t) = -7*t - 8 - 3*t**3 - 5*t**2 - c + 2*t**3 + 4. Give v(-4).
6
Let m(h) = h**3 - 4*h**2 - 19*h - 4. Let l(n) = -n**3 - 11*n**2 + 673*n - 14. Let i be l(21). Calculate m(i).
10
Let u be 4*(-20)/(-12)*9/(-6). Let f be -13*(-6)/15*u/(-4). Let y(a) = a - 16. What is y(f)?
-3
Let m(b) = b**3 - b**2 + 1. Suppose 3*j - 6 = -d - 15, 3*d = 3*j - 15. Give m(j).
-1
Let d(y) be the first derivative of -15*y**2 - 292*y + 6231. Determine d(-9).
-22
Let c(y) = 12*y + 88. Let u(w) = -8 - 37 - 2*w - 2*w + 35 - 20. Let m(q) = -6*c(q) - 17*u(q). What is m(-12)?
30
Let c(t) be the second derivative of -t**6/360 - t**5/30 + t**4 - 39*t. Let b(d) be the third derivative of c(d). Suppose -5*w + 2 + 18 = 0. Calculate b(w).
-12
Let a(f) = -f**3 - f**2 - f. Let s(p) = 6*p**3 + 2*p**2 + 5*p + 3. Let v(w) = 5*a(w) + s(w). Suppose 339*d + 6 = 341*d. Calculate v(d).
3
Suppose 742 = -1540*g + 289*g + 8248. Let i(l) be the second derivative of -l**5/20 + 5*l**4/12 + 5*l**3/6 - 3*l**2/2